*v + 8*v - y*v + 4. Determine q(0).
4
Let b(t) = -t**2 - 9*t - 17. Let y be b(-7). Let o(u) = 11*u - 2. Determine o(y).
-35
Suppose -3*w - 933 = 2*u - 5*u, -u = w - 305. Let q(n) = -308*n + 1 + 615*n - u*n. What is q(-1)?
2
Let v(f) = -84*f - 92. Let d(u) = 19*u + 23. Let x(n) = 18*d(n) + 4*v(n). Give x(-9).
-8
Let i(a) = a**2 + 7*a + 8. Suppose 10*o - 10 = 12*o. Let s(f) = -f**2 - 8*f - 9. Let b(r) = o*s(r) - 6*i(r). What is b(-5)?
-18
Let z(w) be the second derivative of -w**5/20 + 5*w**4/12 - 7*w**3/6 - 9*w**2/2 + 944*w. What is z(6)?
-87
Suppose 2*h + 3 = -h. Let k(y) be the third derivative of 11*y**4/8 + y**3/6 - y**2 + 2064*y + 2. Calculate k(h).
-32
Let y = -195 + 198. Let p(a) = -4 - 3 - y*a + 4*a + 5*a + 2. Determine p(2).
7
Let r(v) = v**3 - 20*v**2 + 4. Let q be r(20). Let m(y) = -4*y**3 + 4 + 7*y**3 + 7*y**2 - 2*y**3 - q + 8. Determine m(-7).
8
Let f be (-8245)/102 - 2/12. Let x = f - -28. Let y = x - -56. Let r(j) = -4*j - 1. Give r(y).
-13
Let f be 1/2 + 252/56. Let s(k) = 0*k + 11 - f + 4 + 2*k. Calculate s(-11).
-12
Let a(f) be the first derivative of 2*f**3/3 - 6*f**2 - f - 1689. Calculate a(8).
31
Suppose -17*u + 10*u = l + 4, -4*u = 3*l + 12. Let n(d) = -d**3 - d**2 - 69. What is n(u)?
-69
Let k(q) = 72*q - 7. Let i(c) = 41*c - 3. Let m(z) = -7*i(z) + 4*k(z). Determine m(4).
-3
Let v(l) = l**3 - 1. Suppose -89 = h - 2*h. Suppose s - h = -n, n - 2*s = 2*n - 90. Let j = n - 86. Calculate v(j).
7
Let p(x) = -x**2 - 12*x + 1. Let m = -45 - -45. Suppose 5*f + 60 = -5*d, 3*f + 2*d + m*d = -34. Determine p(f).
21
Let r be 2/12*-8 - 44/(-33). Let o(w) = 30*w + 7. What is o(r)?
7
Let v = 866 - 866. Let h(w) = 12 - 3*w**2 - w**3 + 2*w**2 + w**2. Determine h(v).
12
Let f(h) = 7*h**3 - h - 1. Let c be f(-1). Let t(s) = 8*s**2 - 51 - 2170*s**3 + 2171*s**3 - 43 + 9*s + 141 - 51. What is t(c)?
-18
Let w = 16 + -7. Let n = -113 + w. Let p = n + 100. Let a(y) = y**3 + 4*y**2 + 2*y + 6. Give a(p).
-2
Let s(n) = 2*n**2 - 3*n + 4. Let w = -35 - -61. Let p = -27 + w. Let i be (14 + -17)*1*p. Determine s(i).
13
Let b(j) be the second derivative of j**4/12 + 2*j**3 + 7*j**2 + 5*j + 139. Let n be (4/(-3))/(14/105). Give b(n).
-6
Let y be 4/38 - 252/228. Let x(t) = -1. Let i(s) = 2*s**2 + 6*s + 24. Let g(r) = y*i(r) - 2*x(r). Let l(c) be the first derivative of g(c). Determine l(-4).
10
Suppose -40*n - 245 = 2755. Let u be (3 - (-5)/(n/40))*-39. Let s(f) = -f**3 - 14*f**2 - 12*f + 6. Determine s(u).
-7
Let u = -100 - -67. Let s = u + 35. Let b be 2*(s/4 - (-10)/(-4)). Let p(f) = -2*f**2 - 6*f - 5. What is p(b)?
-13
Let d(k) be the second derivative of 115*k - 1/2*k**2 + 1/20*k**5 + 0 - 1/2*k**4 + 2/3*k**3. Let h(c) = -6*c**3 - c**2. Let v be h(-1). Determine d(v).
-6
Let c(x) = 2*x + 8. Let h = -33 - -36. Suppose 0 = -m + 7 - h. Suppose 4*z = -5*k - 14, -12 - m = 4*k + 2*z. What is c(k)?
-4
Let s be (-3021)/(-627) - 1/((-11)/2). Let y(g) be the second derivative of g**5/20 - g**4/3 - g**3/2 + 5*g**2/2 - 4*g. Determine y(s).
15
Let s(o) = -7*o**3 - 19*o**2 + 23*o - 311. Let a(f) = -20*f**3 - 58*f**2 + 68*f - 921. Let y(v) = 6*a(v) - 17*s(v). Give y(-26).
-5
Let b(f) = 2*f**3 - 53*f**2 + 26*f + 2. Let g be b(26). Let q(v) = -4*v**g - 2 + 18*v**2 - 8*v**2 + 4*v - 5*v**2. Calculate q(-6).
10
Let h(z) be the third derivative of -7*z**4/12 - 7*z**3/2 - 2345*z**2. What is h(-2)?
7
Suppose 83*w = 144*w - 85*w - 144. Let j(c) = 28*c + 105. What is j(w)?
-63
Let y(j) = -5 - 11*j - 2*j**2 - 10*j**2 + 6 + 6 - j**3. Suppose -18*b - 37*b = 31*b + 946. What is y(b)?
7
Let d(c) be the first derivative of c**4 + 113*c**3/3 + 14*c**2 + 13*c - 11610. Determine d(-28).
13
Let d = -1 + -1. Let p(h) be the third derivative of -2 + 1/8*h**4 + 1/20*h**5 - 75*h**2 + 0*h + 1/120*h**6 + 1/6*h**3. Give p(d).
-1
Suppose -7 = -5*s - 52. Let o = s - -13. Suppose 4*i - o - 4 = 0. Let r(k) = k**3 + 2*k**2 - 3*k. Determine r(i).
10
Let h(z) be the second derivative of z**4/12 - 3*z**3/2 - 7*z**2/2 + z - 658. Give h(9).
-7
Suppose 53*n - 14 = 357. Let c(j) = -j**3 + 7*j**2 + j - 6. Give c(n).
1
Suppose -5*s + 15 = -0*s. Let i(h) = 18 - 11 - 3*h - h**s - 3*h**2 - 7. Let r(u) = 6*u - 104. Let d be r(17). Give i(d).
2
Let h(c) = c + 552. Let d(n) = -3*n - 1473. Let i(j) = 3*d(j) + 8*h(j). Determine i(-5).
2
Let n(h) = -3*h**2 - 5 + 5. Let s(r) = 90*r - 181. Let o be s(2). Let x be n(o). Let b(l) = -2*l - 2. Determine b(x).
4
Let v(p) = -8*p + 123. Suppose -226 = 311*r - 4891. Give v(r).
3
Let b(z) = 2*z**2 + 6. Let y(q) = q**2 - 13*q + 17. Let v(i) = -b(i) + y(i). Let u be -3*((-40)/(-6) + -2). What is v(u)?
-3
Suppose -4*t - 4 = -4*w, 128 = 2*w + 3*t + 151. Let h(g) = -g - 15. Give h(w).
-11
Let x(l) = -3425*l - 225 + 6846*l - 3425*l. Let t be x(-58). Let b(k) = -k - 3 + k + k. Give b(t).
4
Let y(m) = 3*m**2 - 2*m - 1. Let u be y(2). Let a = 13 - u. Let f(t) = 18*t - 46. Let h(n) = 8*n - 21. Let l(v) = 3*f(v) - 7*h(v). Calculate l(a).
-3
Let q(z) = -57*z + 72. Let s(j) = 26*j - 36. Let a(g) = 7*q(g) + 15*s(g). Give a(-1).
-27
Let x = 77 + -70. Suppose -15 + x = 4*z. Let s(a) = -8*a - 3. Calculate s(z).
13
Let a(k) = -16*k - 1. Let n(y) = 46*y + 2. Let t(i) = 11*a(i) + 4*n(i). Let q(o) = 25*o - 8. Let f(b) = 4*q(b) - 11*t(b). Determine f(-3).
-35
Let i be 1/((-136)/24 - -6). Let l(b) = -4*b - 5. Let c(j) = 5*j + 5. Let m(h) = 6*c(h) + 7*l(h). Calculate m(i).
1
Let i(k) be the second derivative of -k**5/20 - k**3/3 + 8*k**2 - 4339*k. Determine i(0).
16
Let d = 323 + -319. Let w(y) = -y**3 + 5*y**2 - 8*y + 13. What is w(d)?
-3
Suppose 2*d = 2*l - 26, 4*d - 17 = -5*l + 21. Suppose 0 = -j - l*j + 88. Let g(b) = 5*b**2 + 6*b - j - 5*b**3 - 3 + 4*b**2 + 6*b**3. Give g(-8).
5
Let l(q) = q**2 - 2*q - 6. Let v(n) = 2*n + 13 - 14 + 1. Let w(s) = -l(s) + 3*v(s). Determine w(9).
-3
Let h(i) = 2*i + 4. Let m be ((-9)/12)/((-1)/4). Let n(z) = -924 + 459 + 458 - 3*z. Let q(u) = m*n(u) + 5*h(u). Calculate q(3).
2
Let o(u) be the first derivative of 5*u**2/2 - 19*u - 2302. What is o(5)?
6
Suppose -10 = -2*g - 4*i, 0*g - 25 = -5*g - 4*i. Let f be 2*(4 - (-9)/(-6)). Let s(q) = q**2 - 4 - 2 + 0*q - f*q. Calculate s(g).
-6
Let p(h) = -11*h**3 + 23*h**2 + h + 42. Let b(m) = -5*m**3 + 11*m**2 + 18. Let z(d) = 9*b(d) - 4*p(d). Give z(5).
24
Let n = 382 + -376. Let t(i) = i**2 + i + 1. Let v(p) = -12 - 14*p**2 - 11*p - p**2 + 10*p**2. Let d(q) = n*t(q) + v(q). Calculate d(6).
0
Let b(d) be the first derivative of 7*d**4/4 - d**3/3 + d**2 - d + 4. Suppose 219 = 6*m + 81. Suppose -5 + 28 = m*x. Give b(x).
7
Suppose -12 + 15 = i. Let c(x) be the second derivative of x**5/60 - x**4/8 + 13*x**3/6 + 10*x. Let a(v) be the second derivative of c(v). Calculate a(i).
3
Suppose 239 - 50 = -16*i - 67. Let m(a) = 6*a + 96. What is m(i)?
0
Let a(j) = -67 - 32*j - 30 + 8*j**2 + j**3 - 2*j**3 + 66 - 24*j**2. Determine a(-14).
25
Let i(t) = t**2 - 7*t - 12. Let v(s) = -s**3 - 5*s**2 + 16*s - 1. Let f be v(-7). Let b = 17 - f. Let w = b - 23. Determine i(w).
6
Let h(m) be the second derivative of -m**3/6 - 5*m**2/2 - m. Let p(g) = 2*g**3 + 5*g**2 + 12*g - 7. Let l be p(-5). Let o = 183 + l. Give h(o).
4
Let j = -1178 + 1178. Let i(b) be the third derivative of -16*b**2 + j - b**3 + 0*b + 1/24*b**4. What is i(0)?
-6
Suppose 370 = 2*f + 4*d - 2*d, -5 = -5*d. Let t(q) = 3 + 182*q**2 - f*q**2 - 3. Let m(w) = -w**3 - 2*w**2 - w - 1. Let y be m(-2). Determine t(y).
-2
Let n(x) = 2*x**2 - 59*x + 25. Let d(l) = -l**3 + 72*l**2 + 553*l + 29. Let a be d(79). What is n(a)?
-4
Let b(o) = -231 + 242 + o**2 - o**2 + 9*o - o**2. What is b(10)?
1
Let z(d) = -23*d + 77 - 88 - 4*d + 2*d**2. Let g be z(14). Let q(h) = 4*h - 3. Calculate q(g).
9
Let t(w) = w**2 + 99*w - 7. Let y be t(-99). Let c(f) = -25*f - 21. Determine c(y).
154
Let o(h) be the third derivative of -13*h**5/60 + 7*h**4/24 - 5*h**3/6 - 767*h**2. Determine o(3).
-101
Suppose -x + 3 = 2*p, -27*x = 4*p - 23*x. Let r(d) = -d**p - 851*d + 1699*d + 6 + 5*d**2 - 853*d. Calculate r(4).
2
Let z(u) be the second derivative of 5*u**3/6 - 22*u**2 - 11*u + 31. What is z(10)?
6
Let g(b) = 25*b**2 - 218*b - 94. Let r(w) = -6*w**2 + 55*w + 23. Let p(y) = 3*g(y) + 13*r(y). Determine p(21).
-25
Let l(z) = -z**3 + 16*z**2 - 10*z - 7. Let j = 15640 + -15625. Give l(j).
68
Let v(k) be the second